t is the remainder when t(112) is divided by 18?
14
Suppose -4 = -f - 44. Let n be 816/f - (24/(-10) - -2). Let q(j) = -j**2 - 23*j + 23. Calculate the remainder when q(n) is divided by 21.
20
Suppose -3*h = -m + 246, 3*h - 2*h = -m + 226. Let r = m + -201. What is the remainder when 56 is divided by r?
26
Calculate the remainder when 163 is divided by (-93)/(-12) - (-171)/(-228).
2
Suppose 0 = 3*y - 419 - 274. Let t = 19998 - 19880. Calculate the remainder when y is divided by t.
113
Suppose 14 = 3*j - 43. Let d(k) = k**3 + 4*k**2 - 7*k + 20. Let m be d(-6). Let y = m - -65. Calculate the remainder when y is divided by j.
17
Let d = -22 - -22. Suppose d = 6*a + 202 - 76. Calculate the remainder when 9 is divided by ((-36)/(-42))/((-3)/a).
3
Suppose -y = -4*w - 699, -56*w + 59*w = -5*y + 3311. What is the remainder when y is divided by 26?
17
Let h = 281314 - 281271. Calculate the remainder when ((-33)/2)/((-4)/32) is divided by h.
3
Suppose -3*c - 4 = 2*h, -3*c - 3*h = 5 - 2. Suppose -u - 36 = -3*u. What is the remainder when (21*40/72)/(c/(-6)) is divided by u?
17
Let x = 8448 - 6775. What is the remainder when x is divided by 54?
53
Let k = 3 + -11. What is the remainder when ((-2)/(-3))/(k/(-72)) is divided by (48/20)/((-15)/25 - -1)?
0
Suppose 5*q = 4*q + 4. Suppose 2*h = 5*j - 25, 5*h - q*h + 17 = 4*j. Let m(y) = -y**2 - 17*y + 24. Calculate the remainder when m(-18) is divided by j.
0
Let u(o) = o**2 - 15*o - 42. Let i = 235 + -167. What is the remainder when i is divided by u(18)?
8
Let d(t) = -1. Let w(y) = -3*y - 129. Let a(m) = 12*d(m) - w(m). What is the remainder when 85 is divided by a(-24)?
40
Suppose -4*q - 41 = 2*h - 3*h, 3*h - 5*q - 95 = 0. What is the remainder when (-492)/36*(-44 - -2) is divided by h?
24
Let s(f) = 2*f + 76. Calculate the remainder when s(-25) is divided by (-8*6/168)/((-2)/70).
6
Let j(i) = -i**3 + 39*i**2 - 138*i - 57. What is the remainder when 12/(-9)*207/(-2) is divided by j(35)?
8
Let n(t) = -138*t - 3190. What is the remainder when n(-48) is divided by 181?
176
Suppose 0 = -n - 23 + 70. Suppose -117*z + 35103 = 1809*z - 26529. What is the remainder when n is divided by z?
15
Let m = -4 + 43. Let j = m + -28. Suppose 5*r + 3*n = -0*r + 14, 2*r + n = 6. Calculate the remainder when j is divided by r.
3
Let d = -5928 + 5943. Let j = 548 - 251. What is the remainder when j is divided by d?
12
Let u be (2 - 13) + 7 - (-1 + -367). What is the remainder when 157 is divided by (-104)/u - 606/(-14)?
28
Suppose 3394 = 208*q + 482. Calculate the remainder when 557 is divided by q.
11
Let q = 448 - 781. Calculate the remainder when 68 is divided by 2/(6/q*-3).
31
Let c = -3811 + 4215. What is the remainder when c is divided by 7?
5
Suppose 0 = -z + 3*v + 59, -148 - 62 = -4*z - v. Suppose 55 = 5*u - 5*h, -4*h + 17 - 39 = -2*u. What is the remainder when z is divided by u?
9
Suppose 3*c - 27 = -n, 38*c - 4 = 36*c. Calculate the remainder when 14195 is divided by n.
20
Let p(w) = -w**3 + 156*w**2 + 1455*w + 20. Calculate the remainder when 1449 is divided by p(-9).
289
Suppose 12 = -4*v - 2*o + o, 0 = -o - 4. Suppose 1135*r - 1145*r = 700. Calculate the remainder when 104 is divided by (-1460)/r - v/14.
20
Let f = 2077 - 1814. Calculate the remainder when f is divided by 134.
129
Suppose -177*o + 181*o = 296. Let s(r) = -7*r - 268. Calculate the remainder when o is divided by s(-42).
22
Let z = 92 - 58. Calculate the remainder when 66 - -341 - (-3 - -4 - 0) is divided by z.
32
Let d(j) = 66*j + 482. Let s(x) = 3*x**2 - 16*x + 11. Calculate the remainder when s(10) is divided by d(-7).
11
Suppose 98*m + 6 = 97*m. What is the remainder when 40 is divided by (-129)/m + ((-18)/(-12))/(-3)?
19
Suppose 0 = -4*h + b + 5 + 3, -2*b = 0. Let q be 538/15 + h/15. What is the remainder when 39 is divided by (-12)/q*(1 - 0 - 34)?
6
Suppose -210*y - 3*v - 2350 = -215*y, -y = -v - 468. Calculate the remainder when 517 is divided by y.
44
Let y be (-3 + (1 - 2))*-1. Suppose -3*w + 7*w = 2*m - 106, -y*m - 5*w = -147. Suppose 0 = 3*r - 2*r - m. Calculate the remainder when r is divided by 23.
20
Suppose 3*s + 3*o - 54 = 0, -3*o = 2*s - 234 + 193. Suppose 0 = -5*n + 5*p + 555, p - 569 = -5*n - p. Calculate the remainder when n is divided by s.
9
Let n be 4/(-3)*(-3)/2. Let j be ((-55)/33)/(n/(-12)). Suppose -j*p + 66 = -4*p. Calculate the remainder when 76 is divided by p.
10
Let i = 6658 - 6310. Calculate the remainder when i is divided by 51.
42
Calculate the remainder when 1431 is divided by ((-116)/3)/((-84)/(-147) + (-88)/105).
126
Suppose -b = -306 - 70. Let r = b + -210. Calculate the remainder when r is divided by 35.
26
Let m = 234 + -213. Calculate the remainder when (7/m)/((-2)/(-954)) is divided by 27.
24
Suppose -5*b + 4*w - 3*w = -1479, 5*b - 1491 = -w. Calculate the remainder when b is divided by 113.
71
What is the remainder when 9/(-81)*-3526 + 20/90 is divided by 17?
1
Let b be 9*(-184)/(-60) + (-8)/(-20). Suppose 0 = b*y - 32*y + 84. What is the remainder when y is divided by 20?
1
Let v = -227 + -169. Let a = 735 + v. What is the remainder when a is divided by 38?
35
Suppose 4*q = 2*q + 326. Suppose 6*t - 157 + 133 = 0. Suppose -164 = -t*l - 3*f, -l - 5*f = -4*l + 123. Calculate the remainder when q is divided by l.
40
Let t be (-2 - 2) + (-392)/(-8). Suppose -20*a = -25*a + t. Let z = 189 + -129. Calculate the remainder when z is divided by a.
6
What is the remainder when 96 is divided by ((-170)/(-70))/17*203?
9
Let v(n) = 30*n + 179. Let y(f) = -2*f**2 + 10*f - 3. What is the remainder when v(-5) is divided by y(2)?
2
Calculate the remainder when 2062 is divided by 526 - 523 - (-32 + (0 - 0)).
32
Suppose 57*v + 46*v - 49612 = -54*v. Calculate the remainder when v is divided by 84.
64
Let d(p) = -p**3 - 11*p**2 + 17*p - 43. Let y(s) = -s**3 - 1. Let o(k) = -d(k) + 2*y(k). Calculate the remainder when 649 is divided by o(9).
49
Suppose 4*m = -m + 125. What is the remainder when m is divided by (-285*16/480)/((-2)/4)?
6
Let c = 1014 + 118. Suppose 27*j - 191 - c = 0. Calculate the remainder when 59 is divided by j.
10
Let s(r) be the first derivative of 4*r**3/3 - r**2 - 19*r - 1. What is the remainder when s(-3) is divided by 8?
7
Suppose -4*p = 5*s - 37, -2*p + 2*s = 3*p - 38. Let w = -61 - -102. Calculate the remainder when (236/p)/((-5)/(-20)) is divided by w.
36
Let y be 16/(-80) + 192/10. Suppose y*b + 5*b = 528. Calculate the remainder when 141 is divided by b.
9
Suppose 281 - 1247 = -23*t. Calculate the remainder when 2185 is divided by t.
1
Suppose -9*t + 32*t = 92. Suppose t*d + d - 3*g + 10 = 0, -3 = 2*d - g. Calculate the remainder when 2 is divided by d.
0
Let v(t) = 89*t**3 + 28*t**2 - 108*t - 12. What is the remainder when v(4) is divided by 1897?
9
What is the remainder when 446 is divided by 3/4*(-4*285)/(-15)?
47
Let r(j) = j**3 - 2*j**2 - 2*j - 1. Let f be r(3). Suppose 0 = 62*u - 154 - 55 + 85. Calculate the remainder when f/8 + (-81)/(-12) is divided by u.
1
Suppose 5*j = -2*a + 3, -2*a + 5*j + 9 = 4*j. Let x be a/14 - 257/(-7). Let m = 85 - x. What is the remainder when m is divided by 25?
23
Suppose m - 64 = -3*m. Suppose 4*r - 5*r + 3*r = 0. Suppose r = 5*v - 76 + 26. Calculate the remainder when m is divided by v.
6
Let k(t) = -t**3 - 5*t**2 - 8. Suppose -3*n - 71 + 485 = 0. Calculate the remainder when n is divided by k(-6).
26
Let g = -1 - -5. Let v = g - -30. Let n = 13143 - 13009. What is the remainder when n is divided by v?
32
Let i(n) = 10*n - 23. Let w(a) = 5*a - 11. Let c(f) = 6*i(f) - 11*w(f). Let p be c(8). Let o(x) = -x + 41. What is the remainder when 69 is divided by o(p)?
15
Suppose 4*d = 4*o + 220, 11 - 36 = 5*o. Suppose -184*v - 3*v + 14661 = -10584. Calculate the remainder when v is divided by d.
35
Suppose -19 = 4*c - 3*x, 4*x = 5*c - c + 20. Let u be (-6)/(-4)*c/6. Let p(b) = 63*b**2 - b - 1. What is the remainder when p(u) is divided by 16?
15
Let d be 61*(-1)/(-1 + 0). Suppose -13*q + 204 = d. What is the remainder when 29 is divided by q?
7
Calculate the remainder when 84/(-18)*(7 + 549/(-63)) is divided by 0 + (0/3 - -2).
0
Let u(l) = 3*l - 18. Let x be u(7). Suppose 5*b + 4*w + 79 = 377, x*w = -9. Suppose b = -3*p + 155. What is the remainder when p is divided